 is the remainder when v(-15) is divided by j(-2)?
10
Let u be 274/(-5) + (-84)/(-105). Let q = 12 + 183. Let y = u + q. Calculate the remainder when y is divided by 13.
11
Suppose 2*l + 11*s - 50 = 13*s, 2*l = s + 53. Let j = 52 + -24. What is the remainder when 92/l + -3 + (-4566)/(-42) is divided by j?
25
Let t = -424 - -746. Let x = t + -215. Calculate the remainder when x is divided by (1 - (2 - 2))*27.
26
Suppose 0 = 36*d + 194 - 338. Calculate the remainder when 244 is divided by d.
0
Suppose 28*l - 22*l + 21*l - 9639 = 0. Calculate the remainder when l is divided by -4 + 2 + 37*2.
69
Let t = -494 - -985. Suppose 0 = 2*c + t - 161. Calculate the remainder when 53 is divided by (4/(-10))/(11/c).
5
Suppose -5*s - 7 = -2*m + 13, 0 = s + 2. What is the remainder when 128 - -1*(m - 10) is divided by 27?
15
Let x(v) = -57*v. Let t = 30 - 26. Suppose -14 = -3*r - f, -2*f - 10 - t = -r. Calculate the remainder when x(-1) is divided by r.
3
Suppose 92*s + 426*s = 3691786. What is the remainder when s is divided by 230?
227
Suppose 0 = -259*k + 2184 + 4809. Calculate the remainder when 2266 is divided by k.
25
Let o be (-3)/(12/2270)*288/(-240). Suppose 63 - o = -5*z - 4*j, -4*z + 2*j + 510 = 0. What is the remainder when z is divided by 44?
38
Let u(h) = h**3 - 44*h**2 - 178*h - 234. Suppose 5*v - 68 = v. What is the remainder when u(48) is divided by v?
13
Calculate the remainder when 515 is divided by 30/8*(124 - 80).
20
Let s = -31 - -36. Suppose 25 = 5*v, 2*q - s*v + 31 = 12. Let l = q - -23. What is the remainder when l is divided by 16?
10
Suppose -3*r + 2 = 14. Suppose -2*l - 5*n + 3 = -0*l, 2*l - 48 = 4*n. Let i = r + l. Calculate the remainder when i is divided by 6.
4
Let b = -182 + 281. Let s = 134 - b. Calculate the remainder when 205 is divided by s.
30
Let t be (-2)/10 - 136/(-5). Let g = t - 18. Let f(m) = -42*m + 409. Calculate the remainder when f(7) is divided by g.
7
Let m = -984 + 1020. What is the remainder when 3/(-42)*6 + (-703)/(-7) is divided by m?
28
Suppose -297*y = 24067 - 130096. Suppose 3*t - 100 = -2*i, -3*t + 0*t + 2*i + 116 = 0. What is the remainder when y is divided by t?
33
Suppose 670 = 3*v - 215. Suppose 297 = 3*y - 3*p, 2*p + 2*p = 3*y - v. Let i = -50 + y. Calculate the remainder when i is divided by 14.
9
Suppose -10*r + 171 = -189. Suppose -c = 5*a - 243, -5*a + 6*a = 1. Let s = c - 133. Calculate the remainder when s is divided by r.
33
Let h(x) = 92*x - 2409. Calculate the remainder when 145 is divided by h(27).
70
Let j = 406 + -401. Suppose 0 = j*a + 5*d - 1885, -7*a + 3*a - 3*d + 1513 = 0. Calculate the remainder when a is divided by 48.
46
Suppose -2*r + 865 = -5*k - 6*r, -5*r = 0. Let y = 141 - k. What is the remainder when y is divided by 53?
49
Let j(r) = -11*r - 52. Suppose -35*z - 114 = -16*z. Suppose 43 = 3*d - 206. What is the remainder when d is divided by j(z)?
13
Let t be 4/(16/268)*(7 + -5). Let w = 317 - t. Calculate the remainder when w is divided by 33.
18
Let p be ((-4)/5)/((-13)/15 + 1). What is the remainder when 53 is divided by (-952)/(-104) - p - (-4)/(-26)?
8
Let s = -17 + 28. Let h(t) = t**3 + 52*t**2 - 1725*t + 41. Calculate the remainder when h(23) is divided by s.
8
Let w = 50 - 47. Suppose 2*j = 3*j + 4*q, -w*j = 3*q. Calculate the remainder when 19 is divided by 22/2 + (2 - (j - -3)).
9
Suppose 68*t - 1940 - 14312 = 0. What is the remainder when t is divided by 11?
8
Let f = -458 + 465. Let s(r) be the second derivative of r**5/20 - r**3/3 - r**2/2 - 10*r. Calculate the remainder when f is divided by s(2).
1
Let i(j) = -9*j**2 - 96*j + 8. Calculate the remainder when 3669 is divided by i(-10).
65
Let w(z) = 35*z**2 + 15*z - 5 + 30*z**2 - 66*z**2. Calculate the remainder when w(3) is divided by 6.
1
Let w = -17735 + 17763. Let n be ((-4)/(-6))/((-3)/9). What is the remainder when n - (-1 + 0 - 83) is divided by w?
26
Let x(d) = d + 12. Suppose -2*m - 186 = -164. Let y be 8/1*m/22. What is the remainder when 38 is divided by x(y)?
6
Suppose h - 618 = -3*q, -5*q + 898 = -h - 132. Calculate the remainder when q is divided by 9.
8
Let t be -6 - (-4 + 2) - -2251. Suppose -9*j = 12*j - t. What is the remainder when j is divided by 22?
19
Suppose -3*f = 2*j - 28, -j + 2 = 4*f - 32. Suppose 11*a - f*a = -42. Let m = 58 + a. Calculate the remainder when m is divided by 17.
10
Let r(g) = 103*g - 33. Let u(i) = -34*i + 11. Let o(b) = -2*r(b) - 7*u(b). Let p = -3 + 21. Calculate the remainder when o(2) is divided by p.
17
Let w(y) = 20*y + 50. Let o be w(-2). Suppose -384 = o*u - 13*u. Calculate the remainder when u is divided by 67.
61
Let w be 682/55 + 3/5. Suppose 33 = -w*q + 124. Suppose -q*z = -6*z - 10. What is the remainder when z is divided by 2?
0
Let t(b) = 12*b**2. What is the remainder when 140*(-9 + (9 - (-3)/6)) is divided by t(-1)?
10
Suppose 1145 = 149*q - 111 - 830. What is the remainder when 85 is divided by q?
1
Suppose -7*s + 205 = -383. Suppose 69*j = 73*j - s. Calculate the remainder when j is divided by 6.
3
Let r be 12/4*(6 + -3). Suppose y - 1 - r = 0. Suppose 12*m = 2*p + 8*m - 20, p - 5*m - 16 = 0. Calculate the remainder when y is divided by p.
4
What is the remainder when (-64)/(1/(1/(-1))) is divided by (-63)/(63/10)*54/(-15)?
28
Let t = 2125 + -153. Suppose 4*l + 4*v - t = 0, -2*l - 3*v = -l - 489. What is the remainder when l is divided by 62?
61
Let k(t) = t**2 + 8*t - 103. Let v = -461 - -679. What is the remainder when v is divided by k(8)?
18
Suppose -s + 1406 = -2*f - 3*s, -10 = -5*s. Let k = -438 - f. Calculate the remainder when k is divided by 15.
12
Suppose -d - 3*j + 20 = 0, -d + 165 = 4*d + 2*j. Let r be 115 - (0 - (2 - 1)). Calculate the remainder when ((-7)/(-14))/((-6)/r)*-18 is divided by d.
34
Suppose -22*s - 15 = -27*s. Suppose 4*t - 4 + 3 = -3*v, -3 = -t + 2*v. What is the remainder when s is divided by t?
0
Let a(h) = -102*h + 1. Suppose -5*p = 5*l, -5*p = -2*l + 3 + 4. Let r be a(l). Let n = r + 142. Calculate the remainder when 163 is divided by n.
40
Suppose 25220*t - 1617 = 25187*t. Suppose 0 = -g + 2*g - 95. What is the remainder when g is divided by t?
46
Suppose 57*p + 95*p = p + 27633. Calculate the remainder when 495 is divided by p.
129
Suppose -278*z = -3959 - 758 - 7515. Calculate the remainder when 1635 is divided by z.
7
Suppose -2*h + 5*h + 5*a + 1490 = 0, -5*h - a - 2520 = 0. Let f = -467 - h. Calculate the remainder when (0 + -2)*-1 + 223 is divided by f.
35
Calculate the remainder when 2/7 - ((-17964)/42 - 2) is divided by 215.
0
Let p(o) = -o - 1. Let v be p(-6). Suppose v + 3 = m. Suppose m*n - 7*n = 5. Calculate the remainder when 33 is divided by n.
3
Let z(f) = -46*f + 11. Let c be z(6). Let u = -195 - c. Calculate the remainder when u is divided by 25.
20
Suppose 2*c + 2*t - 20 = -c, 12 = 3*t. Suppose 59 = 5*q - c*x, 5*q + 0*q = 5*x + 55. What is the remainder when 26 is divided by q?
11
Suppose 8 = 2*a - 4*d, -50 = -11*a + 6*a - 5*d. What is the remainder when 257 is divided by a?
1
Let l = -198 + 201. Suppose -3*u = -5*y + 23, -2*y + 24 = l*y - 4*u. Calculate the remainder when 154 is divided by y.
2
Suppose 3*z - 4*y - 7 = -5*y, 5*z - 3*y = 7. Suppose -63*d + z*v + 100 = -59*d, -2*d = v - 42. Calculate the remainder when 86 is divided by d.
17
Calculate the remainder when 1804 is divided by 6 - (-1462)/11 - (-6 + (-455)/(-77)).
136
Let g = -2923 + 2979. What is the remainder when 631 is divided by g?
15
Let j(v) = 28 - 6*v - 17*v + 36. What is the remainder when j(-7) is divided by 46?
41
Let s(b) = 6*b - 3*b + 11 + 5*b - 4*b**3 + 3*b**2 + 3*b. Calculate the remainder when s(-3) is divided by 39.
35
Let k be (-3)/(-5) - 591/(-15). Let j = k - 50. What is the remainder when j/15 + (-284)/(-3) is divided by 19?
18
Suppose 1735*u - q - 140 = 1732*u, -3*q - 36 = -u. Suppose -t - 6*t = -938. Calculate the remainder when t is divided by u.
38
Suppose s + 2 = 5*t - 8, 2*s - 4 = 4*t. What is the remainder when 928 is divided by s?
8
What is the remainder when 1516/7 - (-30)/70*1 is divided by 48?
25
Let t be (5/2)/((-2)/(-4)*1). Let v(b) = b**3 + 5*b**2 - 5*b - 4. Let o be v(-5). Calculate the remainder when 78 is divided by (-2 + 1 - -2) + t + o.
24
Suppose 4*f - 436 = -4*c, -5*c + 0*f = f - 553. Let b = c - 7